Does 1211 divide 39606966?
True
Does 18 divide 32850?
True
Is 2607040 a multiple of 16?
True
Is 1692840 a multiple of 30?
True
Is 170 a factor of 14323180?
True
Is 9 a factor of 4609701?
True
Is 8157411 a multiple of 1458?
False
Is 287808 a multiple of 12?
True
Is 1766 a factor of 5531112?
True
Does 18 divide 5048514?
True
Is 7 a factor of 166370?
False
Is 38889 a multiple of 149?
True
Does 65 divide 28128?
False
Is 52164 a multiple of 108?
True
Is 31 a factor of 60078?
True
Does 170 divide 22306?
False
Is 249412 a multiple of 4?
True
Is 2312067 a multiple of 43?
True
Is 634800 a multiple of 300?
True
Is 258902 a multiple of 38?
False
Is 164723 a multiple of 18?
False
Is 101 a factor of 1341381?
True
Does 14 divide 871759?
False
Is 64999 a multiple of 8?
False
Does 70 divide 707302?
False
Is 127 a factor of 261493?
True
Is 12900 a multiple of 30?
True
Does 574 divide 642083?
False
Does 25 divide 6700675?
True
Is 18 a factor of 538379?
False
Is 3100 a multiple of 3?
False
Is 695 a multiple of 139?
True
Is 405 a factor of 357615?
True
Is 25 a factor of 2495873?
False
Is 77 a factor of 404061?
False
Is 137 a factor of 511099?
False
Is 16930215 a multiple of 92?
False
Does 94 divide 418406?
False
Is 51837 a multiple of 21?
False
Does 25 divide 2690291?
False
Is 226 a factor of 7015492?
True
Is 92 a factor of 25386388?
True
Is 81990 a multiple of 18?
True
Does 529 divide 484564?
True
Is 158037 a multiple of 164?
False
Is 5 a factor of 180755?
True
Is 7102009 a multiple of 744?
False
Does 14 divide 204856?
False
Is 394 a factor of 3491628?
True
Does 11 divide 400389?
True
Is 3302376 a multiple of 33?
True
Does 3 divide 399088?
False
Is 92 a factor of 3435783?
False
Is 4881442 a multiple of 15?
False
Is 20 a factor of 198573?
False
Is 52972 a multiple of 68?
True
Does 397 divide 2652357?
True
Does 189 divide 1710999?
False
Is 23 a factor of 45521?
False
Is 89884 a multiple of 23?
True
Is 9762150 a multiple of 786?
False
Does 354 divide 226210?
False
Is 58 a factor of 1423610?
True
Does 7 divide 556730?
False
Is 117 a factor of 107440?
False
Does 4 divide 173676?
True
Is 12 a factor of 16608?
True
Is 54756 a multiple of 169?
True
Does 810 divide 4105890?
True
Is 108016 a multiple of 31?
False
Does 138 divide 75791?
False
Is 307481 a multiple of 27?
False
Is 322159 a multiple of 12?
False
Is 2882534 a multiple of 24?
False
Is 335040 a multiple of 60?
True
Is 5 a factor of 8258880?
True
Is 1886981 a multiple of 198?
False
Does 192 divide 5506176?
True
Is 27112565 a multiple of 295?
True
Is 33 a factor of 270027?
False
Is 847 a factor of 628136?
False
Does 6 divide 1282994?
False
Is 54 a factor of 883980?
True
Is 335616 a multiple of 112?
False
Is 8581660 a multiple of 20?
True
Is 299333 a multiple of 604?
False
Is 84 a factor of 2709000?
True
Is 1409910 a multiple of 6?
True
Is 145493 a multiple of 161?
False
Does 179 divide 21664916?
False
Does 7 divide 84378?
True
Is 2336164 a multiple of 236?
True
Is 1092 a factor of 2537808?
True
Is 9 a factor of 333873?
True
Is 45 a factor of 1001340?
True
Is 589638 a multiple of 6?
True
Does 15 divide 21857?
False
Is 69 a factor of 79745?
False
Is 41 a factor of 1674378?
False
Is 78518 a multiple of 166?
True
Is 2564044 a multiple of 28?
True
Is 306484 a multiple of 34?
False
Is 2708940 a multiple of 138?
True
Is 426 a factor of 355563?
False
Is 10 a factor of 748414?
False
Does 1009 divide 17153?
True
Is 195702 a multiple of 50?
False
Is 13883598 a multiple of 6?
True
Does 63 divide 729819?
False
Is 11 a factor of 142712?
False
Does 15 divide 646695?
True
Does 534 divide 317730?
True
Is 21 a factor of 223106?
False
Does 14 divide 1606458?
True
Is 181 a factor of 3284426?
True
Is 187 a factor of 146047?
True
Is 5533020 a multiple of 30?
True
Does 259 divide 744042?
False
Does 1417 divide 7339362?
False
Is 12357764 a multiple of 278?
False
Is 442830 a multiple of 10?
True
Is 1127141 a multiple of 106?
False
Is 777746 a multiple of 97?
True
Is 63979 a multiple of 312?
False
Does 8 divide 12133058?
False
Is 8612694 a multiple of 222?
False
Does 3 divide 184646?
False
Is 340615 a multiple of 190?
False
Is 96 a factor of 2036716?
False
Is 2634409 a multiple of 942?
False
Does 31 divide 820419?
False
Is 7 a factor of 85648?
False
Does 27 divide 6248666?
False
Is 467730 a multiple of 22?
False
Is 71926 a multiple of 8?
False
Does 75 divide 910787?
False
Is 17 a factor of 20825?
True
Does 54 divide 111078?
True
Is 391 a factor of 3767233?
False
Is 41 a factor of 8281?
False
Is 13 a factor of 371111?
True
Is 6 a factor of 423822?
True
Is 117 a factor of 5588856?
True
Does 95 divide 1118928?
False
Is 219 a factor of 2652747?
True
Is 107062 a multiple of 311?
False
Is 39819479 a multiple of 1337?
False
Is 3057568 a multiple of 24?
False
Does 78 divide 335712?
True
Does 78 divide 728208?
True
Is 3270872 a multiple of 420?
False
Does 253 divide 560901?
True
Is 325620 a multiple of 134?
True
Is 382 a factor of 345881?
False
Is 234152 a multiple of 9?
False
Is 9573296 a multiple of 31?
True
Does 17 divide 20019?
False
Does 13 divide 4210375?
True
Is 9 a factor of 1169339?
False
Is 18 a factor of 597546?
True
Is 1565349 a multiple of 660?
False
Does 39 divide 39469701?
False
Does 170 divide 7014540?
True
Does 28 divide 1429797?
False
Does 169 divide 26026?
True
Does 11 divide 878493?
True
Is 112 a factor of 4817120?
True
Does 110 divide 26903?
False
Is 51424 a multiple of 12?
False
Does 52 divide 474500?
True
Is 20 a factor of 153253?
False
Is 647660 a multiple of 53?
True
Is 313500 a multiple of 44?
True
Is 7810551 a multiple of 9?
True
Is 4468659 a multiple of 447?
True
Does 137 divide 38771?
True
Does 70 divide 17408958?
False
Is 6839013 a multiple of 273?
False
Is 6 a factor of 2858310?
True
Is 707 a factor of 3508134?
True
Is 146 a factor of 1127718?
False
Is 7032 a multiple of 12?
True
Does 13 divide 134007?
False
Does 14 divide 114758?
True
Does 28 divide 58800?
True
Is 616014 a multiple of 18?
True
Does 871 divide 1235078?
True
Does 6 divide 736481?
False
Is 23 a factor of 488872?
False
Is 14195436 a multiple of 1287?
False
Is 123520 a multiple of 22?
False
Is 2 a factor of 2308840?
True
Does 4 divide 64956?
True
Is 876936 a multiple of 122?
True
Is 50291 a multiple of 6?
False
Is 19 a factor of 1018210?
True
Is 3397582 a multiple of 1360?
False
Is 74 a factor of 296463?
False
Is 1532 a factor of 1988269?
False
Does 14 divide 20174?
True
Does 19 divide 980647?
True
Is 1733 a factor of 14241370?
False
Is 69 a factor of 33098?
False
Is 2169420 a multiple of 19?
True
Is 5868342 a multiple of 186?
False
Does 109 divide 3236538?
False
Does 34 divide 4542808?
True
Does 7 divide 29393?
True
Is 1362877 a multiple of 5?
False
Is 33 a factor of 5133876?
True
Is 4733683 a multiple of 163?
True
Is 22 a factor of 49918?
True
Is 3303653 a multiple of 91?
False
Is 1254654 a multiple of 774?
True
Is 27 a factor of 1142683?
False
Does 26 divide 1762098?
True
Does 430 divide 808788?
False
Is 317746 a multiple of 143?
True
Is 8 a factor of 402616?
True
Is 10 a factor of 14637?
False
Is 444464 a multiple of 1397?
False
Is 162249 a multiple of 415?
False
Is 39 a factor of 1812486?
True
Does 82 divide 1919310?
False
Does 55 divide 4909410?
True
Is 262 a factor of 1669766?
False
Does 6 divide 19553?
False
Is 46 a factor of 2495687?
False
Is 154413 a multiple of 171?
True
Is 231 a factor of 100254?
True
Is 172 a factor of 367900?
False
Is 2529530 a multiple of 497?
False
Does 43 divide 22403?
True
Does 32 divide 1553280?
True
Is 3 a factor of 56342?
False
Does 13 divide 4078330?
False
Does 63 divide 174951?
True
Does 574 divide 9538158?
True
Is 1116607 a multiple of 100?
False
Is 152 a factor of 188784?
True
Does 57 divide 247152?
True
Is 175 a factor of 177100?
True
Is 58 a factor of 28777076?
False
Is 57350 a multiple of 155?
True
Does 21 divide 121617?
False
Is 25 a factor of 41257?
False
Is 324 a factor of 243000?
True
Does 195 divide 266565?
True
Is 940 a multiple of 5?
True
Is 9027 a multiple of 9?
True
Does 28 divide 1578908?
False
Does 842 divide 590401?
False
Does 33 divide 142262?
False
Does 20 divide 146195?
False
Is 32196 a multiple of 4?
True
Is 947957 a multiple of 14?
False
Is 463 a factor of 186234?
False
Is 177 a factor of 